 of 14824821?
3, 11, 41, 10957
What are the prime factors of 73671?
3, 13, 1889
What are the prime factors of 350119?
7, 11, 4547
List the prime factors of 123421.
83, 1487
List the prime factors of 1280407.
1280407
What are the prime factors of 3676320?
2, 3, 5, 23, 37
What are the prime factors of 1393887?
3, 11, 42239
List the prime factors of 14585264.
2, 257, 3547
List the prime factors of 744622.
2, 372311
What are the prime factors of 97320?
2, 3, 5, 811
List the prime factors of 434794.
2, 217397
List the prime factors of 3315615.
3, 5, 47, 4703
List the prime factors of 8540750.
2, 5, 127, 269
List the prime factors of 398126.
2, 19, 10477
What are the prime factors of 447029?
11, 40639
List the prime factors of 2435935.
5, 487187
List the prime factors of 55332.
2, 3, 29, 53
What are the prime factors of 8375776?
2, 47, 5569
What are the prime factors of 143444?
2, 7, 47, 109
List the prime factors of 3952576.
2, 151, 409
What are the prime factors of 554358?
2, 3, 7, 67, 197
List the prime factors of 4529312.
2, 59, 2399
What are the prime factors of 960036?
2, 3, 7, 11, 1039
List the prime factors of 2245584.
2, 3, 11, 4253
List the prime factors of 392107.
241, 1627
What are the prime factors of 12412694?
2, 7, 373, 2377
What are the prime factors of 7750868?
2, 31, 62507
What are the prime factors of 4436933?
4436933
List the prime factors of 13646707.
137, 99611
What are the prime factors of 522131?
67, 7793
List the prime factors of 6154863.
3, 11, 13, 14347
List the prime factors of 242842.
2, 121421
List the prime factors of 5712887.
5712887
List the prime factors of 142170.
2, 3, 5, 7, 677
List the prime factors of 1810566.
2, 3, 33529
List the prime factors of 766256.
2, 83, 577
List the prime factors of 612698.
2, 306349
List the prime factors of 730910.
2, 5, 73091
List the prime factors of 164060.
2, 5, 13, 631
List the prime factors of 503209.
7, 71887
List the prime factors of 15665283.
3, 1193, 1459
List the prime factors of 1117497.
3, 179, 2081
List the prime factors of 237453.
3, 79151
What are the prime factors of 802622?
2, 401311
What are the prime factors of 227445?
3, 5, 59, 257
List the prime factors of 596860.
2, 5, 11, 2713
What are the prime factors of 157876?
2, 29, 1361
List the prime factors of 90786.
2, 3, 15131
What are the prime factors of 3681212?
2, 19, 48437
List the prime factors of 5259758.
2, 7, 191, 281
List the prime factors of 1000263.
3, 11, 17, 1783
What are the prime factors of 251307?
3, 7, 3989
What are the prime factors of 5129937?
3, 17, 33529
What are the prime factors of 557825?
5, 53, 421
What are the prime factors of 741963?
3, 109, 2269
List the prime factors of 71119.
71119
List the prime factors of 2985358.
2, 101, 14779
List the prime factors of 13596434.
2, 883, 7699
List the prime factors of 22271.
22271
What are the prime factors of 6002167?
149, 40283
List the prime factors of 292526.
2, 13, 11251
What are the prime factors of 87690?
2, 3, 5, 37, 79
List the prime factors of 120755.
5, 24151
What are the prime factors of 4547750?
2, 5, 18191
What are the prime factors of 307393?
97, 3169
List the prime factors of 277618.
2, 11, 12619
List the prime factors of 2372014.
2, 41, 28927
List the prime factors of 3963877.
31, 127867
What are the prime factors of 212379?
3, 70793
List the prime factors of 849431.
11, 31, 47, 53
List the prime factors of 11980132.
2, 29, 139, 743
What are the prime factors of 27769?
7, 3967
What are the prime factors of 790834?
2, 11, 103, 349
List the prime factors of 1566981.
3, 13, 59, 227
What are the prime factors of 1548161?
1548161
What are the prime factors of 5248384?
2, 131, 313
What are the prime factors of 1603009?
1603009
List the prime factors of 7450292.
2, 31, 60083
List the prime factors of 3484383.
3, 7, 277, 599
List the prime factors of 29067.
3, 9689
What are the prime factors of 25291968?
2, 3, 13, 10133
List the prime factors of 8076935.
5, 29, 53, 1051
What are the prime factors of 11771177?
11, 73, 107, 137
What are the prime factors of 201658?
2, 100829
What are the prime factors of 256457?
337, 761
List the prime factors of 1258310.
2, 5, 29, 4339
List the prime factors of 203240.
2, 5, 5081
List the prime factors of 5411911.
137, 39503
List the prime factors of 1258768.
2, 7, 11239
List the prime factors of 3660037.
3660037
List the prime factors of 390838.
2, 7, 27917
List the prime factors of 5051811.
3, 433, 3889
List the prime factors of 20631377.
13, 67, 23687
List the prime factors of 6828439.
67, 101917
What are the prime factors of 12102833?
12102833
What are the prime factors of 508410?
2, 3, 5, 7, 269
List the prime factors of 1072577.
11, 281, 347
What are the prime factors of 232747?
17, 13691
What are the prime factors of 178189?
11, 97, 167
List the prime factors of 24209.
43, 563
List the prime factors of 250584.
2, 3, 53, 197
List the prime factors of 13150254.
2, 3, 13, 53, 3181
List the prime factors of 9636763.
41, 235043
List the prime factors of 1643524.
2, 641
List the prime factors of 1355184.
2, 3, 3137
List the prime factors of 80659.
79, 1021
List the prime factors of 2243056.
2, 140191
List the prime factors of 18472122.
2, 3, 1026229
List the prime factors of 9790182.
2, 3, 83, 6553
What are the prime factors of 12683265?
3, 5, 7, 199, 607
List the prime factors of 14965588.
2, 11, 340127
List the prime factors of 7380354.
2, 3, 643, 1913
What are the prime factors of 75432?
2, 3, 7, 449
What are the prime factors of 16482?
2, 3, 41, 67
What are the prime factors of 480885?
3, 5, 32059
List the prime factors of 6606505.
5, 1321301
What are the prime factors of 346769?
19, 18251
What are the prime factors of 12544243?
31, 113, 3581
List the prime factors of 2693978.
2, 7, 337, 571
What are the prime factors of 74101?
74101
What are the prime factors of 28595963?
11, 2599633
List the prime factors of 40968710.
2, 5, 4096871
List the prime factors of 1929231.
3, 71453
List the prime factors of 201385.
5, 40277
What are the prime factors of 163466?
2, 37, 47
List the prime factors of 14275459.
11, 117979
List the prime factors of 122084.
2, 23, 1327
What are the prime factors of 7126359?
3, 929, 2557
What are the prime factors of 51303?
3, 7, 349
List the prime factors of 184103.
71, 2593
List the prime factors of 20586205.
5, 617, 6673
What are the prime factors of 314487?
3, 83, 421
List the prime factors of 2335749.
3, 13, 17, 271
List the prime factors of 11284905.
3, 5, 421, 1787
List the prime factors of 268252.
2, 199, 337
What are the prime factors of 3346458?
2, 3, 557743
List the prime factors of 926161.
926161
List the prime factors of 20402237.
67, 304511
List the prime factors of 4809030.
2, 3, 5, 31, 5171
List the prime factors of 325921.
325921
What are the prime factors of 2095835?
5, 7, 233, 257
List the prime factors of 706353.
3, 23, 29, 353
List the prime factors of 2288436.
2, 3, 19, 10037
What are the prime factors of 423336?
2, 3, 31, 569
List the prime factors of 996997.
41, 24317
List the prime factors of 54512.
2, 3407
List the prime factors of 76425.
3, 5, 1019
What are the prime factors of 2120632?
2, 265079
What are the prime factors of 109756?
2, 23, 1193
What are the prime factors of 118971?
3, 13219
List the prime factors of 82248.
2, 3, 23, 149
List the prime factors of 2820413.
43, 107, 613
What are the prime factors of 498679?
498679
List the prime factors of 4232089.
31, 136519
List the prime factors of 176605.
5, 11, 13, 19
List the prime factors of 1961250.
2, 3, 5, 523
List the prime factors of 3266849.
3266849
List the prime factors of 400634.
2, 13, 19, 811
List the prime factors of 15192810.
2, 3, 5, 29, 5821
List the prime factors of 3321415.
5, 233, 2851
What are the prime factors of 4445139?
3, 281, 5273
What are the prime factors of 316275?
3, 5, 4217
What are the prime factors of 216413?
37, 5849
What are the prime factors of 590284?
2, 147571
List the prime factors of 12099657.
3, 83, 48593
What are the prime factors of 1381139?
109, 12671
List the prime factors of 115835.
5, 23167
What are the prime factors of 311216?
2, 53, 367
What are the prime factors of 276054?
2, 3, 139, 331
List the prime factors of 3446929.
389, 8861
List the prime fact